e -3*f + 4*y + 18 = -2*f, 3*f + 2*y = -16. Calculate the remainder when 7/f*(0 + -2) is divided by w.
1
Let z(i) = -6*i + 3. Calculate the remainder when z(-6) is divided by 14.
11
Let z be 8 + -7 - -1*5. Let t(y) = 3*y - 5. Calculate the remainder when 50 is divided by t(z).
11
Let x(n) = -n**3 - 2*n**2 - 5*n - 3. Suppose -2*a = -5*a - 9. Suppose -107 = -14*m + 5. What is the remainder when x(a) is divided by m?
5
Let w(l) = 2*l**3 + 8*l + 3. Let u = 8 - 13. Let b(n) = -n**3 - 5*n - 2. Let v(i) = u*w(i) - 8*b(i). Calculate the remainder when 8 is divided by v(-1).
2
Suppose f - 9 = 9. Suppose 5*h = -7 - f. Let q = h + 19. Calculate the remainder when q is divided by 8.
6
Calculate the remainder when ((0 - 3) + 4)*3 is divided by 3.
0
Let r(i) = 4 + 2 + i**2 - 5 + 3*i. Let o be r(-1). Calculate the remainder when 8 is divided by 2 + o + 0 + 2.
2
Let h(b) = b**3 + 7*b**2 - b - 6. Let o(z) = z - 15. Let m be o(8). Let v be h(m). Calculate the remainder when 38 is divided by v - 2 - (-2 - 12).
12
Let b(x) = 8*x**2 - 1. What is the remainder when b(2) is divided by 19/2 + 6/4?
9
Let b = -6 - -10. Suppose b*y + y = t - 5, t - 4*y - 5 = 0. Suppose -3*n - 30 = -3*d, -5*d - 5*n = -0*n - 30. What is the remainder when d is divided by t?
3
Let g(s) = 4*s - 5. Suppose 2*x = 20 - 8. What is the remainder when 37 is divided by g(x)?
18
Suppose -3*q + 2*t + 8 = 0, -7*t = 2*q - 2*t + 1. Let s = q - -3. Suppose 0 = -3*u - 5*l + 85, -s*l = -10. What is the remainder when u is divided by 13?
12
Let u(l) = 6*l - 5. What is the remainder when 92 is divided by u(4)?
16
Let n(k) = k**3 - 9*k**2 + 8*k - 4. Let o be n(8). Let q = o + 11. What is the remainder when 26 is divided by q?
5
Calculate the remainder when 41 is divided by ((-36)/10)/((-3)/((-45)/(-6))).
5
Suppose 0 = -5*y + 7*y - 60. Calculate the remainder when y is divided by 18.
12
Let l = 12 - 5. Calculate the remainder when l is divided by (8/(-4))/(1/(-2)).
3
Let v = -10 + 26. Let a(z) = z**2 + 2*z - 4. Let w be a(-3). Calculate the remainder when -7*(w - 69/21) is divided by v.
14
Let q = 4 - 20. What is the remainder when 2/(-8) - 452/q is divided by 17 + (-5)/(10/4)?
13
Suppose 5*j - 3*j = 18. Let y = -4 - -28. Calculate the remainder when y is divided by j.
6
Let u(g) = 2*g - 7. Suppose -2*s + 1 + 11 = 0. What is the remainder when u(s) is divided by 2?
1
What is the remainder when (-2 + -1)*(-90)/(-81)*-60 is divided by 29?
26
Let k(h) = h**2 - 6*h - 6. Let v(a) = 8*a**3 - a**2 - a + 1. Let x be v(1). Let w(y) = -y**2 - 5*y - 3. Calculate the remainder when k(x) is divided by w(-4).
0
Let c = -16 - -29. Let n = -2 - -7. What is the remainder when c is divided by n?
3
Suppose 60 = -7*w + 8*w. Let r = -42 + w. Calculate the remainder when r is divided by 7.
4
Let t = 49 + -33. Let a = t - 8. Calculate the remainder when a is divided by 3.
2
Suppose 78 = 3*n + 6. Calculate the remainder when 91 is divided by n.
19
Let g(b) = -b**3 - b**2 - b + 4. Suppose -3*h + 5 = 17. Calculate the remainder when g(h) is divided by 19.
18
Suppose -2*b + 0*b - 6 = 0, 3*b = m - 10. Let s be (-4)/6*(-9)/m. What is the remainder when 16 is divided by (2/s)/((-3)/(-81))?
7
Suppose 3 = 4*q - 21. Let r = 2 - -2. Suppose -n = 3*n - 5*s - 59, -69 = -r*n - 5*s. What is the remainder when n is divided by q?
4
Let h be (-7)/2*(-8)/7. Suppose 0 = -3*c - h*s + 131, 47 = 3*c - 4*s - 92. What is the remainder when c is divided by 12?
9
Suppose 5*x - 205 - 65 = 0. Calculate the remainder when x is divided by 14.
12
Let t = 91 + -49. Calculate the remainder when t is divided by 5.
2
Let o = 88 - 85. Let x(q) = 0*q**3 + 4*q - 2 + 3*q**2 - q**2 - q**3. Calculate the remainder when 2 is divided by x(o).
0
Let v = -6 + 11. Let j(h) = h**2. Let l be j(-4). Suppose -l - v = -3*z. Calculate the remainder when 12 is divided by z.
5
Suppose -5*r + 6*m = 3*m, -r = 3*m - 18. Suppose -47 = -2*s + 5*z, 3*z = r*s - z - 67. Let a = 16 - 8. Calculate the remainder when s is divided by a.
5
Suppose -5*s - m - 81 = -582, 0 = -4*m + 4. What is the remainder when 28 is divided by 4/5*s/8?
8
Suppose k = -k + 20. Suppose 2*x = -2*x. What is the remainder when k is divided by x - -4*(-12)/(-8)?
4
Let q(a) = -a**3 + 7*a**2 - 7*a + 5. Calculate the remainder when 64 is divided by q(5).
4
Let u = -67 + 81. What is the remainder when 35 is divided by u?
7
Suppose -2*o - 4*w = -6, -5*o + 12 + 3 = 5*w. Suppose -x - o*x + 28 = 0. Calculate the remainder when x is divided by 13/4 + (-3)/12.
1
What is the remainder when 14 is divided by (-25)/(-3) + 20/(-60)?
6
Suppose -2*v = -11 - 19. What is the remainder when v is divided by 4?
3
What is the remainder when 35 is divided by (-26)/((-3)/(-3) - 3)?
9
Suppose -3*t = 3*d - 339, 9*t - 12*t = 5*d - 333. Calculate the remainder when t is divided by 12.
8
Let z(k) = -k**2 - 8*k - 1. Let o = -2 - 3. Let d(f) = 2*f**2 + 4*f - 3. Calculate the remainder when d(o) is divided by z(-5).
13
Let f be (-172)/(-22) - (-4)/22. Let r(s) = -s**2 + 11. What is the remainder when r(0) is divided by (-1 + -2)*f/(-6)?
3
Suppose 8 + 7 = 3*b. Suppose l + 53 = -0*l. Let t = -35 - l. What is the remainder when t is divided by b?
3
Suppose -3 = -3*v + 3, 3*r - 2*v - 77 = 0. What is the remainder when r is divided by 4?
3
Let k be (-2)/(-3) - (-304)/12. Suppose -h + 2*m - 26 = -4*h, -k = -h - 5*m. Calculate the remainder when 23 is divided by h.
5
Let n = -6 + 6. Let p = 6 - n. What is the remainder when 5 is divided by 36/8 + (-9)/p?
2
Let k(d) = 8*d**2 + 5*d - 5. What is the remainder when 72 is divided by k(2)?
35
Let b(q) = 3*q**2 - 2. Let h be 2/8 - (-91)/52. Let z(t) = -10*t - 2. What is the remainder when z(-3) is divided by b(h)?
8
Let l(p) = 35*p**2 - p - 1. Suppose 2*r + 1 = -3*k + 3*r, 3*r + 9 = -3*k. Calculate the remainder when l(k) is divided by 82/7 - (-6)/21.
11
Let y(m) = 3*m - 17. What is the remainder when 4 is divided by y(7)?
0
Let i = 6 - 4. Let f(j) = -4*j - 1. Calculate the remainder when 35 + 2/(4 - i) is divided by f(-5).
17
Suppose 0 = 3*h + h - 80. What is the remainder when h is divided by 12?
8
Let w = -4 + 1. Let l(g) = 2*g**2 + 9*g + 7. Calculate the remainder when l(-6) is divided by (-2 - -1 - w) + 7.
7
Suppose 5*k - f + 2*f - 34 = 0, 3*f + 12 = 4*k. Let s(g) = -4*g + 7. Let t be s(5). Let h = -9 - t. What is the remainder when k is divided by h?
2
Let u = -2 - -1. Suppose 14 = -0*s + s - 2*z, 5*s + z = 26. Calculate the remainder when (-1 + -8)*u + 1 is divided by s.
4
What is the remainder when 38 is divided by 4 - 1/((-2)/14)?
5
Suppose 2*u + 18 = 4*u. Calculate the remainder when 24 is divided by u.
6
Let a(o) = -o**3 + 6*o**2 - 2*o - 1. Let c(y) = y**2. Let w be c(2). Calculate the remainder when a(w) is divided by 13.
10
Suppose 0*k - 5*k = -5. Let x(o) = 10*o**2 + 2*o - 1. What is the remainder when 5*(2 + 2) + -1 is divided by x(k)?
8
Let g = -1 - -5. Suppose -3*y + 17 = -5*t, 2*t = -g*y - 0*y + 66. Calculate the remainder when y is divided by (-70)/385 + (-90)/(-11).
6
Let v = -11 + 25. Let f = 22 - 14. What is the remainder when v is divided by f?
6
Suppose 0 = -b - 3*f + 2 - 3, -2*f + 26 = 4*b. What is the remainder when 22 is divided by b?
6
Suppose 3*z = -2*m - 19 + 78, 4*z - 75 = m. Let b = 9 - 4. What is the remainder when z is divided by b?
4
Suppose -3*f - 2*p + 196 = -4*p, 5*f = -2*p + 300. Calculate the remainder when f is divided by 21.
20
Suppose 0 = -g + 25 - 6. Calculate the remainder when g is divided by 7.
5
Calculate the remainder when (1 + 0)/(6/78) is divided by 8.
5
Let i = 9 - 3. Suppose i = 3*u - 3. Calculate the remainder when u is divided by (2 - 1) + 1 - -1.
0
Suppose 0 = 4*l, 5*b - 2*l - 126 + 46 = 0. What is the remainder when 30 is divided by b?
14
Let b(z) = -6*z - 18. What is the remainder when 69 is divided by b(-6)?
15
Suppose -3*f + 0*y = 4*y, -3*y = -f. Suppose f = l - 9 - 25. What is the remainder when l is divided by 12?
10
Let x(m) = -2*m**2 - 2*m**3 + 3*m + 4*m**3 - 2*m**2 - 5 - m**3. What is the remainder when x(4) is divided by 3?
1
Let o = 20 - -2. What is the remainder when o is divided by 10/3*36/10?
10
Let x(w) be the first derivative of w**4/4 + 7*w - 1. Let u = -19 - -19. What is the remainder when 20 is divided by x(u)?
6
Suppose -53 = -z - p + 32, 4